x**3 - 2*x**2 + 3*x + 3. Suppose -d = 2*n + 3*d + 212, 0 = 3*n + 5*d + 319. Let j = n - -116. What is the remainder when p(-2) is divided by j?
5
Suppose -3*t + 115 = 2*x, -4*x + 0*x = -3*t + 139. Calculate the remainder when t is divided by 32.
9
Let a = 0 + 0. Suppose 5*w - b + a*b = 47, -5*w + 3*b = -51. Let h = w + 2. What is the remainder when 32 is divided by h?
10
Suppose 3*h - 48 = -0*h. Let w = 11 + -26. What is the remainder when h is divided by w/10*20/(-6)?
1
Let w be (0 - -3)*(-43)/(-6)*4. Let b = w - 65. Calculate the remainder when b is divided by 5.
1
Suppose 2*p + 4 = 3*i, -12 = -4*p - 2*i + 3*i. Suppose p*l = 5*n + 77, 4*n - n = l - 21. What is the remainder when l is divided by 7 - (0 + (1 - -1))?
3
Let u(r) = r + 8. Suppose 5*b - 41 + 16 = 5*s, -4*s - 4 = 0. Suppose -2*h + 33 = f, b*h + 2*f = -f + 71. What is the remainder when 85 is divided by u(h)?
19
Let j(d) = -3*d**3 - 5*d**2 - 7*d + 20. What is the remainder when j(-5) is divided by 14?
11
Suppose 135 = 3*p - 0*p. Let c = p - 32. Let q = c + -6. What is the remainder when 25 is divided by q?
4
Suppose 4*g = -f + 234 + 305, 2*g - 2 = 0. Calculate the remainder when f is divided by 139.
118
Let o(m) = 12*m**2 - 10*m + 2. Calculate the remainder when o(2) is divided by ((-45)/5)/((-6)/8).
6
Let l(o) = o**3 - 9*o**2 + 3*o - 11. Let f be 10/(-15)*81/(-6). Let y be l(f). Let z = y - -11. Calculate the remainder when 53 is divided by z.
26
Let f(h) = -25*h**3 - h**2 + 2*h. Let n be f(-2). Suppose -z - n = -5*z. Suppose -7*m - z = -10*m. What is the remainder when 44 is divided by m?
12
What is the remainder when 37 is divided by 37/13 + -3 + 602/26?
14
Suppose 0 = 2*t - 95 - 51. Suppose 2*m - 5*m = -45. Calculate the remainder when t is divided by m.
13
Let r(c) = -c**2 - 6*c - 6. Let u be r(-4). Let d be ((-3)/(-6))/(19/114). What is the remainder when (u/d)/(2/198) is divided by 17?
15
Suppose 0 = -c - 4*f + 84, -4*c + 338 - 62 = f. Suppose -47 = -5*o + c. Calculate the remainder when 91 is divided by o.
22
Suppose 2*l = -5*k + 29, -6*k - 8 = -2*l - 4*k. Suppose 18*u - 17*u = -l. Let d(g) = -11*g - 15. Calculate the remainder when d(u) is divided by 21.
20
Let x(j) = -17*j + 151. Suppose -4*p + 169 = 5*g, 65 = p + 4*g + 20. Calculate the remainder when p is divided by x(8).
11
Let j be 21/7 - (-6 + -1 - -1). Suppose 636 = j*a - 93. Let i(t) = t**3 - 6*t**2 + 3*t + 3. Calculate the remainder when a is divided by i(6).
18
Suppose -3*q - 117 = -2*f, -10*q + 7*q - 63 = -f. What is the remainder when 809 is divided by f?
53
Let f(n) = -2*n - 7. Let m(z) = 4*z**2 - 1. What is the remainder when m(1) is divided by f(-5)?
0
Let m = -52 + 61. Suppose 140 = -5*a + 9*a. Calculate the remainder when a is divided by m.
8
Suppose 10*r - 4*r = 252. Let b = -33 + r. What is the remainder when 26 is divided by b?
8
Suppose -2472 + 836 = -4*l + w, -2*l + 812 = -2*w. Suppose -5*q + 65 + l = 0. Calculate the remainder when q is divided by 32.
31
Let z = -195 + 138. Let y = 128 + z. Calculate the remainder when y is divided by 18.
17
Let q(j) = -j**2 - 10*j - 6. Suppose p = -5*n + 5, -n = n + 6. Let u = -15 + p. Calculate the remainder when q(-4) is divided by u.
3
Let x = -173 + 423. What is the remainder when 0 + x + 4 + 0 is divided by 32?
30
Suppose -4*v + 27 = -5*c, -19 = -3*v + 5*c - 0. What is the remainder when 15 is divided by v?
7
Let o be (-2)/(-7) + 87/(-21)*-5. Let y(k) = 2*k**3 - 42*k**2 + 4*k - 14. Calculate the remainder when y(o) is divided by 24.
22
Let f(s) = 2*s - 6. Let g be 342/81 + (-2)/9. Let t be f(g). Suppose -2*y = -4*n + 48, 10 = -3*n + t*y + 48. What is the remainder when 28 is divided by n?
8
Let k(n) = -4*n**2 - n - 1. Let y(b) = -3*b**2 - 2*b - 2. Let f(l) = -4*k(l) + 5*y(l). Calculate the remainder when f(-5) is divided by 13.
10
Suppose 100 = -2*o + 3*d + 34, -2*d - 4 = 0. What is the remainder when 41 is divided by 6 + (3/1 - o/(-12))?
5
Calculate the remainder when (-325)/(-2)*284/355 is divided by 63.
4
Suppose -35*m + 192 = -193. Calculate the remainder when 11 is divided by m.
0
Let y = 11 + 57. Let b = -22 + y. What is the remainder when b is divided by 16?
14
Let z(d) = 2*d**2 - 51*d - 192. Calculate the remainder when (-191)/(-9) + 10/(-45) is divided by z(29).
10
Suppose 80 = 91*c - 89*c. Calculate the remainder when c is divided by 12.
4
Let k = 785 - 777. What is the remainder when 54 is divided by k?
6
Let c = 1718 + -1485. What is the remainder when c is divided by 72?
17
Suppose 0 = 15*n - 10*n. Let v(q) = -q**3 + q**2 - 2*q + 3. Suppose 0 = 3*t + z - 0*z - 28, 2*z + 8 = 2*t. What is the remainder when t is divided by v(n)?
2
Suppose 0*c - 4*s = -2*c + 152, -5*c + 408 = -3*s. Let t = 2108 + -2079. What is the remainder when c is divided by t?
26
Let k(z) = -z**2 + 15*z - 51. What is the remainder when 7 is divided by k(8)?
2
Suppose p - 6 = -0*p. Let z be (p/(-12))/((-2)/12). Suppose -b + z*d = -5, -b + 2*d - 6*d = -12. Calculate the remainder when 22 is divided by b.
6
Let b = -773 + 790. Calculate the remainder when 231 is divided by b.
10
Let k be (4/5)/(4/10). Suppose 0 = -n + s + 8, k*n + 2*n - 35 = 5*s. Suppose n*c - 87 = 238. What is the remainder when c is divided by 22?
21
Suppose -5*t = -2*t - 159. What is the remainder when t is divided by ((-2)/((-10)/25))/(-1) + 19?
11
Suppose -4*m - p + 17 = 0, p + 32 = 4*m - 3*p. Suppose i - 115 = 3*x, 2*x - 523 = -m*i + 4*x. What is the remainder when i is divided by 21?
19
Suppose 5*k + 5*r - 95 = 0, r - 6*r = 3*k - 59. What is the remainder when 22 is divided by k?
4
Let r be 5/6*(7 - 1). Let q(t) = t**2 + 7*t - 10. Calculate the remainder when q(r) is divided by 17.
16
Let o = 5 + 14. What is the remainder when o is divided by 12 + (2/11 - 48/22)?
9
Let r = 425 + 855. Suppose 2*o - 6*d = -5*d + 515, 4*d = 5*o - r. Calculate the remainder when o is divided by 29.
28
Suppose 0 = -2*y - 3*i + 106, y + 0*i - 4*i = 53. Suppose -314 = -5*m + 46. Suppose -4*x + 0*x = -m. What is the remainder when y is divided by x?
17
Let g = 107 + 35. What is the remainder when g is divided by 24?
22
Let a(d) = -d + 33. Let c be a(12). Suppose -5*i + 514 = -c. Calculate the remainder when i is divided by 18.
17
Let i(p) = p**3 - 6*p**2 + 4*p - 2. Let b = -1 - -6. Let m be i(b). What is the remainder when 10 is divided by 2/(m - -3)*-4?
0
Suppose 29*f + 3*h - 1459 = 25*f, 1815 = 5*f + 2*h. Calculate the remainder when f is divided by 13.
10
Suppose -90 = 3*t - 8*t - j, 3*j - 80 = -5*t. Calculate the remainder when t is divided by 10.
9
Let k(a) = -a**3 + 3*a**2 - 27*a + 162. Suppose 5*t - 86 = -0*t - 4*n, -2*t - n = -32. Calculate the remainder when k(4) is divided by t.
10
Suppose 0 = 2*i, 2349 = z + 5*i - 0*i. What is the remainder when z is divided by 84?
81
What is the remainder when (-480)/9*(336/20)/(-2) is divided by 22?
8
Suppose -2*c = 3*c + i - 20, -20 = -5*c - 5*i. Suppose 0 = z - 2*o - 10, c*z - 5*o - 45 = -z. Calculate the remainder when 39 is divided by z.
7
Let m = -236 + 256. Suppose -m = -4*o - 5*w + 23, -20 = 4*w. Suppose -3*j + 3*r = -6, -2*r - 7 = j - 6*r. Calculate the remainder when o is divided by j.
2
Let w = 1000 - 801. Calculate the remainder when 208 is divided by w.
9
Let v(x) = -x**2 + 21*x - 18. Suppose 3*m = w + 5*m - 10, 2*m = -5*w + 10. Suppose w = -3*k + 3 + 3. Calculate the remainder when k is divided by v(20).
0
Let f(o) = -30*o + 1323. Suppose 0*d - 3*j = 3*d - 3, 0 = 2*d + 4*j + 4. Calculate the remainder when d is divided by f(44).
1
Suppose -3*h + 5*h + 3*r = 130, -4*r + 260 = 4*h. Calculate the remainder when h is divided by 34.
31
Suppose 0*f + f - 4 = 0. Suppose -2*c = -5*x - 4*c + 81, 3*c = -f*x + 69. Let l = 20 - 14. What is the remainder when x is divided by l?
3
Suppose 9*f - 2543 = 76. Calculate the remainder when f is divided by 14.
11
Let a be (-5 - -5)/(-4 - -1). Let z(x) = -x**2 - x + 18. Suppose 3 = -p + 55. Calculate the remainder when p is divided by z(a).
16
Let f be (-3)/((-15)/2)*90. What is the remainder when (2*-1)/(f/(-1530)) is divided by 22?
19
Suppose 0*g - 3*g = -4*f, 3*g = 12. Suppose 9 = 3*r, 0 = -3*k + f*r + 2*r + 39. Calculate the remainder when 33 is divided by k.
15
Let j(t) = -t**3 - 8*t**2 - 4*t - 15. What is the remainder when j(-14) is di